ate the remainder when 920 is divided by 136.
104
Calculate the remainder when 20 is divided by 9.
2
Calculate the remainder when 131 is divided by 61.
9
Calculate the remainder when 9426 is divided by 9.
3
Calculate the remainder when 228 is divided by 116.
112
Calculate the remainder when 144 is divided by 68.
8
What is the remainder when 320 is divided by 111?
98
What is the remainder when 312 is divided by 310?
2
What is the remainder when 184 is divided by 65?
54
What is the remainder when 284 is divided by 153?
131
Calculate the remainder when 937 is divided by 20.
17
What is the remainder when 47 is divided by 7?
5
What is the remainder when 1901 is divided by 210?
11
Calculate the remainder when 57485 is divided by 39.
38
What is the remainder when 84 is divided by 42?
0
What is the remainder when 461 is divided by 133?
62
What is the remainder when 168 is divided by 58?
52
What is the remainder when 132 is divided by 71?
61
Calculate the remainder when 1607 is divided by 115.
112
What is the remainder when 77 is divided by 21?
14
What is the remainder when 1435 is divided by 3?
1
Calculate the remainder when 140 is divided by 15.
5
Calculate the remainder when 305 is divided by 17.
16
Calculate the remainder when 746 is divided by 83.
82
What is the remainder when 1060 is divided by 351?
7
Calculate the remainder when 312 is divided by 106.
100
What is the remainder when 229 is divided by 33?
31
Calculate the remainder when 35 is divided by 12.
11
What is the remainder when 2337 is divided by 2305?
32
What is the remainder when 2375 is divided by 33?
32
Calculate the remainder when 1054 is divided by 48.
46
Calculate the remainder when 1181 is divided by 45.
11
What is the remainder when 45 is divided by 36?
9
Calculate the remainder when 319 is divided by 20.
19
Calculate the remainder when 511 is divided by 27.
25
Calculate the remainder when 3123 is divided by 98.
85
What is the remainder when 378 is divided by 158?
62
Calculate the remainder when 195 is divided by 23.
11
What is the remainder when 9685 is divided by 58?
57
Calculate the remainder when 313 is divided by 37.
17
What is the remainder when 667 is divided by 228?
211
What is the remainder when 7618 is divided by 99?
94
Calculate the remainder when 206 is divided by 35.
31
What is the remainder when 368 is divided by 51?
11
Calculate the remainder when 768 is divided by 196.
180
What is the remainder when 13973 is divided by 11?
3
Calculate the remainder when 261 is divided by 12.
9
What is the remainder when 4661 is divided by 106?
103
What is the remainder when 142 is divided by 39?
25
What is the remainder when 65 is divided by 31?
3
Calculate the remainder when 6704 is divided by 1676.
0
What is the remainder when 341 is divided by 116?
109
What is the remainder when 1269 is divided by 419?
12
Calculate the remainder when 15178 is divided by 92.
90
What is the remainder when 515 is divided by 23?
9
What is the remainder when 171 is divided by 57?
0
What is the remainder when 112 is divided by 22?
2
What is the remainder when 2153 is divided by 42?
11
What is the remainder when 583 is divided by 21?
16
What is the remainder when 47 is divided by 31?
16
What is the remainder when 6236 is divided by 56?
20
What is the remainder when 76 is divided by 13?
11
What is the remainder when 3150 is divided by 1047?
9
Calculate the remainder when 359 is divided by 179.
1
Calculate the remainder when 3024 is divided by 67.
9
Calculate the remainder when 389 is divided by 56.
53
Calculate the remainder when 102 is divided by 1.
0
What is the remainder when 58 is divided by 2?
0
Calculate the remainder when 571 is divided by 153.
112
What is the remainder when 503 is divided by 22?
19
What is the remainder when 714 is divided by 239?
236
What is the remainder when 515 is divided by 86?
85
What is the remainder when 1541 is divided by 173?
157
Calculate the remainder when 194 is divided by 49.
47
Calculate the remainder when 86 is divided by 9.
5
Calculate the remainder when 190 is divided by 57.
19
What is the remainder when 614 is divided by 25?
14
Calculate the remainder when 429 is divided by 12.
9
What is the remainder when 2824 is divided by 19?
12
What is the remainder when 1992 is divided by 19?
16
Calculate the remainder when 609 is divided by 68.
65
Calculate the remainder when 1072 is divided by 123.
88
Calculate the remainder when 152 is divided by 11.
9
What is the remainder when 955 is divided by 122?
101
What is the remainder when 8942 is divided by 172?
170
What is the remainder when 1196 is divided by 4?
0
What is the remainder when 1584 is divided by 522?
18
Calculate the remainder when 264 is divided by 53.
52
What is the remainder when 44 is divided by 13?
5
Calculate the remainder when 95 is divided by 37.
21
What is the remainder when 77 is divided by 9?
5
What is the remainder when 559 is divided by 151?
106
What is the remainder when 1408 is divided by 54?
4
What is the remainder when 588 is divided by 98?
0
What is the remainder when 1488 is divided by 474?
66
What is the remainder when 69 is divided by 44?
25
Calculate the remainder when 3722 is divided by 51.
50
Calculate the remainder when 197 is divided by 8.
5
What is the remainder when 595 is divided by 526?
69
Calculate the remainder when 798 is divided by 393.
12
Calculate the remainder when 85 is divided by 8.
5
What is the remainder when 1746 is divided by 292?
286
Calculate the remainder when 162 is divided by 82.
80
What is the remainder when 41 is divided by 21?
20
Calculate the remainder when 783 is divided by 388.
7
Calculate the remainder when 2769 is divided by 28.
25
Calculate the remainder when 214 is divided by 18.
16
Calculate the remainder when 277 is divided by 268.
9
Calculate the remainder when 135 is divided by 38.
21
What is the remainder when 1213 is divided by 51?
40
What is the remainder when 788 is divided by 163?
136
What is the remainder when 621 is divided by 48?
45
Calculate the remainder when 262 is divided by 16.
6
What is the remainder when 5969 is divided by 26?
15
Calculate the remainder when 176 is divided by 86.
4
Calculate the remainder when 922 is divided by 17.
4
What is the remainder when 38 is divided by 10?
8
What is the remainder when 1383 is divided by 683?
17
What is the remainder when 40 is divided by 14?
12
Calculate the remainder when 555 is divided by 117.
87
Calculate the remainder when 317 is divided by 57.
32
What is the remainder when 508 is divided by 117?
40
What is the remainder when 57 is divided by 5?
2
Calculate the remainder when 152 is divided by 41.
29
What is the remainder when 99 is divided by 25?
24
What is the remainder when 147 is divided by 52?
43
What is the remainder when 285 is divided by 95?
0
What is the remainder when 7128 is divided by 46?
44
Calculate the remainder when 60 is divided by 21.
18
Calculate the remainder when 555 is divided by 72.
51
What is the remainder when 707 is divided by 350?
7
Calculate the remainder when 931 is divided by 55.
51
Calculate the remainder when 232 is divided by 16.
8
What is the remainder when 78 is divided by 69?
9
What is the remainder when 61 is divided by 4?
1
What is the remainder when 375 is divided by 7?
4
What is the remainder when 146 is divided by 38?
32
What is the remainder when 503 is divided by 23?
20
What is the remainder when 288 is divided by 140?
8
Calculate the remainder when 58 is divided by 12.
10
Calculate the remainder when 86 is divided by 27.
5
Calculate the remainder when 175 is divided by 44.
43
What is the remainder when 445 is divided by 46?
31
Calculate the remainder when 125 is divided by 30.
5
Calculate the remainder when 305 is divided by 63.
53
What is the remainder when 841 is divided by 389?
63
What is the remainder when 477 is divided by 15?
12
Calculate the remainder when 355 is divided by 164.
27
What is the remainder when 370 is divided by 53?
52
Calculate the remainder when 3685 is divided by 19.
18
Calculate the remainder when 391 is divided by 162.
67
What is the remainder when 1224 is divided by 126?
90
Calculate the remainder when 1612 is divided by 118.
78
What is the remainder when 5177 is divided by 10?
7
What is the remainder when 736 is 